03/21 a prime number?
False
Suppose -20*l + 283569 = 46309. Is l a prime number?
True
Let n = 35314 + 20187. Is n prime?
True
Let b(u) be the second derivative of 0 - 3/4*u**4 + 27/2*u**2 + 1/20*u**5 - 10/3*u**3 - u. Is b(13) a composite number?
False
Suppose -13227*i + 13250*i + 89378 = 0. Suppose f = -4*n + 5*n + 5561, -2*n = -4*f + 11126. Let g = i - n. Is g composite?
True
Let x = -87 + 92. Suppose -c = -t - 34, -23 = x*c - 3*t - 183. Suppose -30*n = -c*n - 9. Is n a prime number?
False
Let g(n) = -9*n**3 - 18*n**2 + 4*n - 34. Is g(-13) composite?
True
Let n(r) = 5775*r**2 - 34*r + 422. Is n(7) composite?
False
Is (-5173610)/(-338) + 12/26 a prime number?
True
Let u(k) be the first derivative of 9587*k + 1/3*k**3 + 0*k**2 + 1 + 1/4*k**4. Is u(0) a composite number?
False
Suppose 0 = -5*v - 13*v - 1008. Let y be (-24)/v + (-44511)/(-21). Let i = y - 1003. Is i composite?
False
Let x = 97253 + -31734. Is x composite?
False
Let k(f) = -4647*f + 416. Is k(-9) a composite number?
False
Suppose -18*t = -404116 - 1103150. Is t a prime number?
True
Let a(v) = -24*v**3 - 10*v**2 + 8*v - 74. Let r be a(-14). Suppose -r - 43326 = -4*g. Is g prime?
True
Suppose 0 = 3*s + 5*m + 12, s = -0*s - 2*m - 4. Let h be 36/(-15) - s/10. Is (70 - 3) + 4 + h a composite number?
True
Suppose 25*j = 16*j + 196785. Suppose -41*l - j = -46*l. Is l a prime number?
True
Suppose 5*o - 3366281 = -21*o + 361677. Is o composite?
True
Suppose -40*r = -41*r - 12819. Let g = 29440 + r. Is g prime?
False
Suppose 79*l = 23*l + 8330840. Is l prime?
False
Suppose -4*m - 4*i + 44 = 0, 4*m - 8*m = i - 29. Let v be 21/m*12/21 + 0. Is (71/2 - v)*18/9 a composite number?
False
Suppose 536*o = 553*o - 633743. Is o prime?
False
Let x = 83 + -79. Suppose -x*s + 24 = -2*s. Is 32/24*2007/s a prime number?
True
Suppose -2*t = -8*t + 24. Suppose 21 = t*v + 5. Is 2/v - (-5018)/4 a prime number?
False
Suppose -5*c + 4*d = -33, 0 = c + c + 3*d - 4. Suppose -10165 = -c*r + 18170. Is r composite?
True
Let p = -330272 - -630265. Is p a composite number?
False
Suppose -3*d - 11 + 48 = -5*j, -j + 11 = 4*d. Suppose p = -3*w - p + 9683, 0 = 3*w + d*p - 9679. Is w prime?
True
Let k(i) = -i - 1. Let q be k(-1). Let y = 571 - 568. Suppose -y*m + r + 3198 = q, -m + r - 3*r + 1073 = 0. Is m a prime number?
False
Let i = -62 - -66. Let z be i + 3341 + 6/(0 - 2). Suppose -4*q = -2*v + 2242, -2*v - v + z = q. Is v composite?
True
Is 1/(4 - (2133/638838)/(2/2396)) a composite number?
False
Suppose -84 = -3*q + 162. Let o = q + -78. Suppose u + 2*u = -3*n + 1836, 5*u - o*n - 3069 = 0. Is u a prime number?
True
Suppose -2*t - 2 = -4*y, 4*t - 2*t - 4 = -2*y. Let n(q) = -q**3 + 7*q**2 + 56*q - 375. Let l be n(6). Is (y + l)*1719/(-18) prime?
True
Suppose k = 3*w + 2873 + 639, -2*k = w - 6989. Let s = 28 + k. Suppose 0 = 4*a + 3*u - s, -2628 = -3*a - 0*a + 3*u. Is a a prime number?
False
Suppose 40945 = 2*c + 12953. Suppose 0 = -4*l - 5*m + c, -3*m + 5292 = -5*l + 22787. Is l prime?
True
Suppose 2*b - 40 = 4*d, -21*d + 25*d = -5*b + 72. Suppose -p - 1 = -4. Suppose -4*c = -b, 4*v + p*c - 3171 = -979. Is v composite?
True
Let x(c) = 71*c**2 + 2*c + 3. Let f = 58 + -54. Is x(f) prime?
False
Let q = -90702 + 264053. Is q prime?
False
Let u(b) = b**2 + 5*b - 5. Let y be (4 - 1)/(-3) + -5 + 6. Suppose y = -4*w - 38 + 2. Is u(w) prime?
True
Let w = 293052 + -183443. Is w composite?
False
Is (-70)/20*(-193730)/35 a composite number?
False
Suppose 15*m - 1599007 = -4*a + 12*m, 0 = -3*a - m + 1199264. Is a prime?
True
Let k = 159553 - -21202. Is k prime?
False
Let t(a) = 59*a**2 + 108*a - 70. Is t(-13) a composite number?
True
Let n(u) = 20629*u**2 - 76*u + 185. Is n(2) composite?
False
Is (370724 + -1)*(19 - (40 + -22)) a prime number?
True
Let y(i) = 5*i**2 - 90*i - 2737. Is y(-128) prime?
True
Let z(u) = 8858*u**2 + 299*u + 2479. Is z(-8) composite?
False
Suppose 0 = -k + 3, z = -0*z + k - 22. Let b = z + 21. Suppose -694 = b*g - 2156. Is g prime?
False
Let z be (1076/(-5))/((-20)/200). Let l = 1347 + z. Is l a composite number?
False
Let o = -481 - -474. Is -631*7/o*2 a prime number?
False
Suppose 5*a + 3*r - 22363 = 0, 9*a = 5*a - 2*r + 17890. Suppose -a + 22539 = 7*t. Is t a composite number?
True
Suppose 53*w = 11019935 + 19558044. Is w prime?
True
Let v(q) be the second derivative of 0 - 16*q + 3/4*q**4 - 3*q**3 + 12*q**2. Is v(7) composite?
True
Let j(p) = 1321*p**2 + p - 6. Let m be j(-3). Suppose -x - m = -7*x. Let n = x - 302. Is n a prime number?
False
Let j be (-1338)/(-6)*(1 - 2). Suppose -2*k + 144 = 2*l, 2*l + 3*l = -15. Let a = k - j. Is a a prime number?
False
Let l(t) = 2*t + 27. Let g be l(-12). Suppose g*f + 482 = 2*h - 7*h, -5*h = 5*f + 810. Let j = f + 355. Is j composite?
False
Let g = -11911 + 3487. Let h = g + 12695. Is h prime?
True
Suppose -1268*a = -1263*a - 7224005. Is a a prime number?
True
Suppose -5*o = f - 389098, -5*f = 2*o + 2*o - 1945427. Is f prime?
True
Suppose 4*n = -5*v + 3487, -13*n = v - 17*n - 683. Suppose 0 = x - d - 274 - v, 3*d = -4*x + 3862. Is x prime?
True
Let x be (0/(-5))/(-1 - -2). Suppose x = p + 3*k - 20925, -k - 41852 = -2*p - 5*k. Is 2/6 + (-5)/((-90)/p) a prime number?
True
Let f = -124564 + 206190. Is f a prime number?
False
Suppose -59*c - 16239340 = -319*c. Is c a prime number?
True
Let m(x) = -x**2 + 7*x + 21. Let a be m(8). Let y(w) = 196*w - 3. Is y(a) a prime number?
False
Let d = -3507929 - -5632798. Is d a composite number?
False
Let c = 100 + -92. Is 1*(c + -10)/(2/(-23207)) a prime number?
False
Is (((-46)/253 - (-86)/(-11)) + 29061)/1 prime?
False
Suppose u - 9*n = -5*n + 18, 3*n + 12 = 0. Suppose u*w = 4*a - 0*a - 14574, a + 4*w = 3630. Suppose 4*k + 194 - a = 0. Is k a composite number?
True
Suppose 2*h - 16*h + 23968 = 0. Is 9*h/12 - -2 a prime number?
False
Let l be (7 + (-3 - 3))*-8274. Let t = l - -13135. Is t a composite number?
False
Suppose -68*b - 12668898 = 13*b - 147*b. Is b prime?
True
Let w(v) = -v**2 + 19*v - 26. Let x be w(17). Let a be 112/40 - x/10. Suppose -u = y - 298, -581 = -a*y + u + 2*u. Is y composite?
True
Suppose -2942 = -m + 2865. Let c = 12218 - m. Is c a prime number?
False
Let g = -122171 + 193488. Is g prime?
True
Let l = 297 + -197. Is 75660/l + 4/10 composite?
False
Suppose m = -4*y - 81233, 0*y = -5*y - m - 101540. Let r = y - -8085. Is (((-24)/9)/4)/(12/r) prime?
False
Is (12 - 232372/(-4))/(2 + -1) + 4 a prime number?
True
Let z = -27 + 60. Let v(i) = 20*i**2 + 41*i - 92. Is v(z) a composite number?
False
Let z = 9997 - -7542. Is z composite?
False
Let m = -65 - -67. Suppose 0 = 5*i - m*y + 4*y - 23, i - 3*y = 8. Is 2/i - 116666/(-110) prime?
True
Let p(c) = c + 61. Let s be p(0). Suppose s*l = 54*l + 21651. Is l a prime number?
False
Suppose -3*c + c - 5*i = -29204, -14628 = -c + 4*i. Suppose 107 = -5*p + c. Suppose -11 + 3 = -4*u, -2*u - p = -5*d. Is d a prime number?
False
Let o = 70257 - -35264. Is o composite?
True
Let v = -9885 - -26506. Is v composite?
True
Suppose -3*c - 18 = 0, 4*x - c + 3015 - 111673 = 0. Is x a composite number?
True
Suppose 5*m - 7*m = -110. Suppose 57*s - m*s = 8196. Suppose 4*v = 5*h - 0*h - 4082, -4*v + s = 5*h. Is h a prime number?
False
Let p = -300 + 1225. Let a = p + 1128. Is a prime?
True
Suppose 51*t + 3891155 = 26439428. Is t a composite number?
True
Suppose 97*g - 91*g = -7602. Let z = g - -10554. Is z a prime number?
False
Let z(f) = -f + 18. Let n = -15 + 25. Let p be z(n). Suppose 0 = 4*o + k - 2673, -p*k = -4*o - 11*k + 2683. Is o prime?
False
Suppose 10*o + 4*o - 621091 = -5*o. Is o a composite number?
True
Let p(m) = 9*m + 13*m + 238 - 9*m + 28*m**3 - 242 - 8*m**2. Is p(3) a prime number?
True
Suppose 210*h = 109*h + 110*h - 7347141. Is h composite?
True
Let v(f) = 10145*f**2 - 148*f - 466. Is v(-3) composite?
False
Let f = 423 + -419. Suppose -4*z = f*l - 6260, -2207 = -3*z - 4*l + 2488. Is z prime?
False
Suppose 1663517 = 5*t - 3*d, 0 = 76*t - 75*t + 4*d - 332731. Is t a composite number?
True
Suppose 16*a = a - 180. Let n(w) = -w**3 - 3*w**2 + 15*w + 21. Is n(a) prime?
False
Suppose 1466*m = 1482*m - 1448752. Is m prime?
True
Let r(y) = 2*y + 34. Let w be r(-15). Suppose -1556 = -3*l + 5*h, -4*l - 2*h + w*h + 2070 = 0. Is l a composite number?
True
Let v(k) = 53*k -